e factors of 713.
23, 31
What are the prime factors of 40525?
5, 1621
What are the prime factors of 8636?
2, 17, 127
List the prime factors of 1534.
2, 13, 59
What are the prime factors of 183153?
3, 61051
List the prime factors of 1181.
1181
What are the prime factors of 311?
311
What are the prime factors of 31836?
2, 3, 7, 379
List the prime factors of 15698.
2, 47, 167
What are the prime factors of 12037?
12037
What are the prime factors of 193?
193
What are the prime factors of 1058?
2, 23
List the prime factors of 413.
7, 59
List the prime factors of 151.
151
List the prime factors of 6416.
2, 401
List the prime factors of 13497.
3, 11, 409
List the prime factors of 3548.
2, 887
List the prime factors of 44460.
2, 3, 5, 13, 19
List the prime factors of 7503.
3, 41, 61
What are the prime factors of 8735?
5, 1747
What are the prime factors of 38620?
2, 5, 1931
List the prime factors of 664.
2, 83
List the prime factors of 49981.
151, 331
What are the prime factors of 67240?
2, 5, 41
What are the prime factors of 10135?
5, 2027
What are the prime factors of 24868?
2, 6217
What are the prime factors of 87890?
2, 5, 11, 17, 47
List the prime factors of 1990.
2, 5, 199
List the prime factors of 4679.
4679
What are the prime factors of 3373?
3373
List the prime factors of 4864.
2, 19
List the prime factors of 2272.
2, 71
List the prime factors of 2493.
3, 277
List the prime factors of 5225.
5, 11, 19
List the prime factors of 2355.
3, 5, 157
What are the prime factors of 125943?
3, 41981
What are the prime factors of 3211?
13, 19
What are the prime factors of 4693?
13, 19
What are the prime factors of 12081?
3, 4027
What are the prime factors of 2450?
2, 5, 7
What are the prime factors of 1934?
2, 967
What are the prime factors of 17759?
7, 43, 59
What are the prime factors of 1005?
3, 5, 67
What are the prime factors of 2511?
3, 31
What are the prime factors of 11413?
101, 113
List the prime factors of 2389.
2389
List the prime factors of 8456.
2, 7, 151
What are the prime factors of 48462?
2, 3, 41, 197
What are the prime factors of 3844?
2, 31
List the prime factors of 519.
3, 173
What are the prime factors of 159722?
2, 79861
List the prime factors of 131.
131
What are the prime factors of 39765?
3, 5, 11, 241
List the prime factors of 18425.
5, 11, 67
What are the prime factors of 18806?
2, 9403
List the prime factors of 43419.
3, 41, 353
What are the prime factors of 5512?
2, 13, 53
What are the prime factors of 5367?
3, 1789
List the prime factors of 56344.
2, 7043
List the prime factors of 29165.
5, 19, 307
List the prime factors of 19889.
19889
What are the prime factors of 5738?
2, 19, 151
What are the prime factors of 1557?
3, 173
What are the prime factors of 13063?
13063
What are the prime factors of 9836?
2, 2459
What are the prime factors of 444?
2, 3, 37
What are the prime factors of 33469?
33469
List the prime factors of 21536.
2, 673
What are the prime factors of 141655?
5, 41, 691
List the prime factors of 818.
2, 409
List the prime factors of 6326.
2, 3163
List the prime factors of 110.
2, 5, 11
List the prime factors of 2494.
2, 29, 43
What are the prime factors of 478?
2, 239
List the prime factors of 3154.
2, 19, 83
List the prime factors of 4048.
2, 11, 23
List the prime factors of 2678.
2, 13, 103
List the prime factors of 84130.
2, 5, 47, 179
What are the prime factors of 4572?
2, 3, 127
What are the prime factors of 4502?
2, 2251
What are the prime factors of 8935?
5, 1787
List the prime factors of 2262.
2, 3, 13, 29
What are the prime factors of 9984?
2, 3, 13
List the prime factors of 38393.
38393
List the prime factors of 57.
3, 19
List the prime factors of 939.
3, 313
List the prime factors of 173303.
13, 13331
What are the prime factors of 11811?
3, 31, 127
What are the prime factors of 91317?
3, 61, 499
List the prime factors of 472.
2, 59
What are the prime factors of 351?
3, 13
List the prime factors of 18604.
2, 4651
List the prime factors of 31182.
2, 3, 5197
List the prime factors of 8491.
7, 1213
List the prime factors of 845.
5, 13
List the prime factors of 33958.
2, 16979
What are the prime factors of 12140?
2, 5, 607
What are the prime factors of 6651?
3, 739
List the prime factors of 1489.
1489
What are the prime factors of 1101?
3, 367
List the prime factors of 1259.
1259
What are the prime factors of 93725?
5, 23, 163
List the prime factors of 13110.
2, 3, 5, 19, 23
List the prime factors of 651.
3, 7, 31
What are the prime factors of 11328?
2, 3, 59
List the prime factors of 8227.
19, 433
What are the prime factors of 50488?
2, 6311
What are the prime factors of 20732?
2, 71, 73
List the prime factors of 21047.
13, 1619
What are the prime factors of 13507?
13, 1039
List the prime factors of 111.
3, 37
List the prime factors of 5990.
2, 5, 599
What are the prime factors of 1291?
1291
List the prime factors of 48852.
2, 3, 23, 59
List the prime factors of 7297.
7297
What are the prime factors of 9310?
2, 5, 7, 19
What are the prime factors of 2881?
43, 67
What are the prime factors of 5356?
2, 13, 103
What are the prime factors of 2487?
3, 829
List the prime factors of 6531.
3, 7, 311
List the prime factors of 88530.
2, 3, 5, 13, 227
What are the prime factors of 410?
2, 5, 41
List the prime factors of 23837.
11, 197
List the prime factors of 77091.
3, 7, 3671
List the prime factors of 8868.
2, 3, 739
What are the prime factors of 77841?
3, 31
What are the prime factors of 16?
2
List the prime factors of 15078.
2, 3, 7, 359
List the prime factors of 1078.
2, 7, 11
List the prime factors of 4021.
4021
What are the prime factors of 73907?
73907
What are the prime factors of 1171?
1171
List the prime factors of 53585.
5, 7, 1531
What are the prime factors of 62880?
2, 3, 5, 131
What are the prime factors of 15487?
17, 911
What are the prime factors of 674?
2, 337
List the prime factors of 3045.
3, 5, 7, 29
List the prime factors of 8037.
3, 19, 47
List the prime factors of 14326.
2, 13, 19, 29
What are the prime factors of 36964?
2, 9241
List the prime factors of 434.
2, 7, 31
List the prime factors of 5777.
53, 109
List the prime factors of 2045.
5, 409
What are the prime factors of 2209?
47
List the prime factors of 863.
863
List the prime factors of 18928.
2, 7, 13
What are the prime factors of 8931?
3, 13, 229
List the prime factors of 1789.
1789
List the prime factors of 3540.
2, 3, 5, 59
What are the prime factors of 10155?
3, 5, 677
What are the prime factors of 31870?
2, 5, 3187
List the prime factors of 20370.
2, 3, 5, 7, 97
List the prime factors of 52196.
2, 13049
What are the prime factors of 860?
2, 5, 43
List the prime factors of 8553.
3, 2851
List the prime factors of 6065.
5, 1213
List the prime factors of 2496.
2, 3, 13
What are the prime factors of 802?
2, 401
What are the prime factors of 595?
5, 7, 17
List the prime factors of 2761.
11, 251
List the prime factors of 142.
2, 71
List the prime factors of 2056.
2, 257
List the prime factors of 57736.
2, 7, 1031
List the prime factors of 2258.
2, 1129
List the prime factors of 8654.
2, 4327
What are the prime factors of 1756?
2, 439
List the prime factors of 6857.
6857
What are the prime factors of 14322?
2, 3, 7, 11, 31
What are the prime factors of 62821?
11, 5711
List the prime factors of 16150.
2, 5, 17, 19
What are the prime factors of 2683?
2683
What are the prime factors of 734?
2, 367
What are the prime factors of 9835?
5, 7, 281
What are the prime factors of 2502?
2, 3, 139
What are the prime factors of 3257?
3257
List the prime factors of 58929.
3, 13, 1511
What are the prime factors of 1323?
3, 7
List the prime factors of 31.
31
What are the prime factors of 6062?
2, 7, 433
What are the prime factors of 1470?
2, 3, 5, 7
What are the prime factors of 2449?
31, 79
List the prime factors of 2626.
2, 13, 101
What are the prime factors of 921?
3, 307
List the prime factors of 40.
2, 5
What are the prime factors of 4993?
4993
List the prime factors of 12263.
12263
What are the prime factors of 1518?
2, 3, 11, 23
What are the prime factors of 17076?
2, 3, 1423
List the prime factors of 1056.
2, 3, 11
List the prime factors of 3827.
43, 89
What are the prime factors of 60965?
5, 89, 137
What are the prime factors of 3560?
2, 5, 89